 v(i) = 3*i - 1232. Let f(b) = 7*b - 2774. Let z(o) = -4*f(o) + 9*v(o). Let t(k) = -k**3 + 7*k**2 - 4*k - 1. Let w be t(6). Give z(w).
-3
Suppose 16 = 2*w + 2*k, k + 14 - 4 = 5*w. Suppose -13*t + 21 = -18. Let b(x) = -t + 3*x - 18*x**2 + 7 + 17*x**2. Give b(w).
4
Let l(g) = -9*g**2 - 2*g. Let w(t) be the first derivative of -t**4/4 + 49*t**3/3 - 47*t**2/2 - 46*t + 64. Let o be w(48). What is l(o)?
-40
Let n(w) = w**2 - 18*w + 40. Let r(y) = -2*y**3 + 11*y**2 + 16*y - 44. Let o be r(6). Determine n(o).
8
Let r(z) = 27 + 2*z**2 - 8 - 22 + 1 + z**2. Let s be (-3)/2*(-16)/6. Let d = 6 - s. What is r(d)?
10
Let t(f) be the first derivative of 5*f**2 - 4*f + 1555. What is t(-1)?
-14
Let b(p) = 8*p**3 - p**2 - 3*p + 3. Let t(c) = 17*c + 869. Let d be t(-51). Calculate b(d).
57
Let p be (15/12)/(1/4). Let g(t) = 5*t**3 + 15*t**2 + 23*t - 17. Let x(s) = -2*s**3 - 7*s**2 - 11*s + 8. Let a(w) = 3*g(w) + 7*x(w). Give a(p).
-10
Let s(z) be the first derivative of 2*z**2 + 31*z - 2634. Calculate s(-7).
3
Let p = 1 + 15. Suppose -p*c = -20*c - 4. Let j be (-28)/8*c/((-3)/6). Let o(a) = a**2 + 2*a - 8. Give o(j).
27
Let y = -3 + -7. Let n = -5 - y. Let p(f) = -8*f**3 - 45*f**2 + 88*f + 2. Let u(x) = -3*x**3 - 16*x**2 + 32*x + 1. Let v(j) = 4*p(j) - 11*u(j). Determine v(n).
22
Let k(h) = -13*h**3 + h**2 + 6*h + 6. Let w be k(-1). Let x(b) = -10 - w + 9*b - 4*b - 6*b + 6. Give x(-9).
-9
Let h(p) = -616*p + 651. Let t(z) = -20*z + 21. Let l(x) = -2*h(x) + 63*t(x). Let b be l(1). Let o(q) = q**2 + 6*q - 4. What is o(b)?
3
Suppose 3*l + l - 4*g = -164, l - 3*g + 49 = 0. Let m = -35 - l. Let d(n) = -m*n + 2 - 2*n + 3*n + 9. Calculate d(9).
2
Let j(l) = -91*l. Let n(k) = -32*k. Let z(v) = 6*j(v) - 17*n(v). Let d be 0 - 0/2 - 1. What is z(d)?
2
Let j(o) = 4*o - 37. Let s(b) = -2*b + 19. Let q(y) = 6*j(y) + 13*s(y). Calculate q(11).
3
Let d = 28325 - 28328. Let h(o) = 16*o + 38. Give h(d).
-10
Let p(o) = -12*o**2 + 2*o + 92. Let a be p(-2). Let r(n) = 2*n**3 - 78*n**2 - 83*n + 124. What is r(a)?
4
Let n(c) be the third derivative of -c**6/30 + c**5/12 + c**4/8 + 5*c**3/6 - 74*c**2. Let s(z) = -z**3 + z**2 + z + 1. Let u(i) = n(i) - 3*s(i). Give u(3).
-7
Let x(l) = 5*l**2 + 3*l + 22. Suppose 5*j + 30 = -4*a, -5*a + 1042*j - 1045*j - 31 = 0. What is x(a)?
132
Let x(w) = w**2 + 6*w - 3. Let h(d) = d**2 + 14*d + 42. Let g be h(-10). Let n be g/(-4)*(0 - 52). Suppose -33 = c - n. Calculate x(c).
4
Let n(u) = -u**2 - 14*u + 95. Suppose 22*s - 988 + 1406 = 0. Give n(s).
0
Let g(s) be the second derivative of -s**5/20 + 3*s**4/4 - 5*s**3/6 - 9*s**2/2 - 1042*s - 1. Calculate g(7).
54
Let s(c) = c**3 - 6*c**2 + 8*c - 6. Let y = -12 + 24. Let h be 15*(4/y - 0). Let d = 0 + h. Calculate s(d).
9
Let c(y) = -15*y**2 - 2*y + 1. Suppose 17 = 5*s - 4*w, 384*w - 3 = 385*w. Calculate c(s).
-16
Let f(h) be the second derivative of -h**5/20 - h**4 + h**3/3 + 25*h**2/2 - 146*h - 4. Give f(-12).
1
Suppose -7*q = -11*q + 16. Let l be q/(-14) - 5/7. Let k(n) be the second derivative of 4*n**5/5 - n**3/3 - n**2/2 + n - 139. Calculate k(l).
-15
Let r(a) be the first derivative of 3*a**2/2 + 3*a - 2584. What is r(1)?
6
Let g(y) = y**3 + 5*y**2 + 6*y + 5. Let x(s) = s**3 + 7*s**2 - s - 4. Let r be x(-7). Let f be 17/4 + r/(-12). Suppose 0 = 10*j - 9*j + f. Give g(j).
-3
Suppose s - 4*s = -9. Let m(c) = -3*c - c**2 + c**s + 3*c. Let u(v) = 244*v - 1464. Let b be u(6). Determine m(b).
0
Let p(u) = u**3 + 12*u**2 - 13*u + 1. Let b be (-17550)/1365 + (-1)/7. Determine p(b).
1
Let j(b) = b**2 + 4*b - 11. Let u = 111 - 112. Let d be (u/3)/((-27)/(-405)). Determine j(d).
-6
Let c(t) = 9*t + 0 + 2 + 2 + t**2 + 2 + 3. Let f(l) = l**2 + 4*l - 8. Let a be f(-4). Give c(a).
1
Let v(t) = -16 - 11*t - 24 - 14 + 75. Give v(7).
-56
Let z be (0 - (-6)/(-7))*-7. Let q(v) be the second derivative of -v**4/12 + v**3 - v**2 - 10295*v. What is q(z)?
-2
Let u(h) = -7*h**2 - 7*h - 8. Suppose 0 = 5*p - 2*w + 12, 3*p - 3*w - 24 + 33 = 0. Calculate u(p).
-22
Let p(u) be the third derivative of -u**5/60 - 5*u**4/24 + u**3/6 + 8*u**2. Suppose -10*j = -11*j + 21. Let b = 17 - j. Calculate p(b).
5
Let z(j) be the first derivative of j**4/4 + 3*j**3 + j**2 + 15*j + 12252. Determine z(-9).
-3
Let c(x) = x**3 + 8*x**2 + 7*x - 25. Let l(h) = 2*h**3 + 16*h**2 + 15*h - 50. Let b(g) = -5*c(g) + 3*l(g). Give b(-5).
0
Let j = -46 + 42. Let d be -4 + (-4 - j) - 2. Let b(c) be the second derivative of c**3/6 + 2*c**2 + 12*c. What is b(d)?
-2
Suppose -8 - 4 = -p. Let c(w) = w + p - 7 - 6. Determine c(-7).
-8
Let n(c) = 40*c + 74. Let r(b) = 21*b + 39. Let i(v) = 2*n(v) - 5*r(v). Determine i(-2).
3
Let w(b) = b - 4. Let p = -52 + 61. Let r(i) = -3*i + 19. Let u be r(p). Let c = 15 + u. What is w(c)?
3
Let k(p) = -65*p + 142. Let s(u) = 14*u - 35. Let v(r) = -2*k(r) - 9*s(r). Give v(-6).
7
Let u(b) = 2*b**3 + 9*b**2 + 3*b + 1. Let a be u(-4). Let l(y) = 2*y + 3. Let i be l(a). Let g(w) = 3 + 5 + w - i + 6. Give g(2).
3
Let f = -30 - -35. Suppose 0 = -f*c + 9 + 6. Let x(m) = -7*m**c + 2*m**2 - m**3 - m + 2*m**3. Determine x(1).
-5
Let t(v) = v**3 + 11*v**2 - 11*v + 14. Let b be t(-12). Suppose 67 = b*y + 59. Let u(p) = 2*p + 5. Determine u(y).
13
Let b(v) = -v**2 - 4*v + 1. Let u be (-4 + ((-66)/(-15))/1)*20. Let x(q) = -15*q + 63. Let n be x(u). Let i be ((-10)/3)/((-38)/n). What is b(i)?
-4
Suppose -28*c + 32*c - 4*y = 32, 5*c - 48 = -3*y. Let z(x) = 82 + x + c*x**2 - 83 + x. Determine z(1).
10
Let w(m) = -6 + 1 - m - 4. Suppose -446*a + 851 = 120*a - 4809. Give w(a).
-19
Let q(x) be the second derivative of x**8/6720 - x**7/504 - x**6/720 + x**5/30 + 5*x**4/12 + 2*x + 11. Let b(a) be the third derivative of q(a). What is b(5)?
-1
Let f be ((-720)/(-64) + -12)*4. Let m(u) = -7*u - 13. Calculate m(f).
8
Let p(i) = 56*i + 41. Let s(t) = -21*t - 14. Let a(w) = 4*p(w) + 11*s(w). What is a(3)?
-11
Let t(a) = -a + 11. Let g(z) be the second derivative of -z**2 + 49*z - 4. Let r(l) = 6*g(l) + t(l). Let n(v) = -v + 5. Let w be n(3). Calculate r(w).
-3
Let s(q) = 358*q + 2166. Let y be s(-6). Let p(n) = 3*n - 72. Calculate p(y).
-18
Let a(g) = g**2 + 6*g + 5. Suppose 0 = r + 8 - 51. Let j = r + -26. Let x = j + -23. Determine a(x).
5
Suppose s - 46 = -4*h, -h + 0*s + 22 = -5*s. Let g(q) = q + h*q**2 + 2*q**2 - 1 - 5*q**2 + 2*q - 6*q**2. Determine g(2).
17
Let x(g) be the first derivative of -g**3/3 + 7*g**2/2 + 11*g + 202. What is x(10)?
-19
Suppose r - 6 = 4*y, 5*r + 7*y - 2*y + 20 = 0. Let m be r/(-7) - (-600)/105. Let x(z) = -2*z + 3. Calculate x(m).
-9
Suppose -260*a = -246*a - 126. Let q(y) = -y**3 + 22*y**2 + 0 + 0 - 10*y - 12*y**2. Give q(a).
-9
Let o(j) = -j**3 - 8*j**2 - 10*j - 13. Let g be ((-9)/(-81)*-15)/((-15)/(-54)). What is o(g)?
-25
Let o(a) = 4*a**2 + 2*a - 1. Let f = -32 - -28. Let r be f/(-18) + -10*(-6)/(-27). Let q be 4/r*2 + 1*5. Give o(q).
5
Let g(q) = q**3 - 18*q**2 - 41*q + 28. Suppose 130 = 8*r - 21*r + 390. What is g(r)?
8
Let y(z) = -21*z**2 - 5*z + 31*z**2 - 8 - 9*z. Let b(h) = h**2 - h - 1. Let q(s) = -8*b(s) + y(s). Calculate q(3).
0
Let u(w) = w**2 - 8*w + 3. Let r(d) = d + 1. Let b(n) = 6*r(n) - u(n). Let q be b(14). Let x(t) = -3*t - 8 + 9 - t**3 + 3 + 6*t**2. Determine x(q).
22
Suppose 1 = 5*b - 29. Let x(p) = -25*p - 23. Let z be x(-1). Let y(c) = -39*c + 2*c**z + b*c**2 + 38*c. Calculate y(-1).
9
Suppose 4 = -10*v + 4. Suppose v = -9*k + 2*k + 7. Let l(z) = 22*z**3 + z**2 - z + 1. Give l(k).
23
Let o = 1 - 1. Let z(r) = -86683 - 86682 - 86686 - 86680 + 346731 + r. Give z(o).
0
Let w(b) = b + 8. Let s be w(-4). Suppose -7*m = -11 + s. Let k(c) = 17*c**3 - c**2 + c - 1. Give k(m).
16
Let r(h) = 2*h**2 + h. Let w(m) = -3*m**2 - 2*m - 2. Let j(o) = -3*r(o) - w(o). Suppose -17*k = k + 54. Determine j(k).
-22
Suppose -3*q + 4*t + 3 = 0, 4*q - 5*t + 3 = 8. Suppose q*c + 240 = -35*c. Let n(b) be the second derivative of b**3/3 - b**2 - b. Give n(c).
-14
Let v(s) be the second derivative of s**7/315 - s**6/180 - s**5/60 - s**4/12 + 63*s**2/2 + 30*s. Let j(x) be the third derivative of v(x). Calculate j(-1).
10
Let b(q) = -4*q + 27. Let i = -536 + 543. Let a be b(i). Let v(f) = -18*f**2 - 1. Give v(a).
-19
Let w(f) be the third derivative of -3*f**4/8 + 2*f**3/3 + 334*f**2. Let a be (0 + 1)/(7/28). What is w(a)?
-32
